{"id":959,"date":"2020-01-23T14:07:35","date_gmt":"2020-01-23T13:07:35","guid":{"rendered":"https:\/\/www.gerharddeim.at\/?page_id=959"},"modified":"2021-01-16T17:54:58","modified_gmt":"2021-01-16T16:54:58","slug":"vinariaweinguide","status":"publish","type":"page","link":"http:\/\/www.gerharddeim.at\/en\/vinariaweinguide\/","title":{"rendered":"Vinaria Weinguide"},"content":{"rendered":"<div data-elementor-type=\"wp-page\" data-elementor-id=\"959\" class=\"elementor elementor-959\" data-elementor-post-type=\"page\">\n\t\t\t\t\t\t<section class=\"elementor-section elementor-top-section elementor-element elementor-element-1b87881f elementor-section-height-full elementor-section-boxed elementor-section-height-default elementor-section-items-middle\" data-id=\"1b87881f\" data-element_type=\"section\" data-settings=\"{&quot;background_background&quot;:&quot;classic&quot;}\">\n\t\t\t\t\t\t\t<div class=\"elementor-background-overlay\"><\/div>\n\t\t\t\t\t\t\t<div class=\"elementor-container elementor-column-gap-default\">\n\t\t\t\t\t<div class=\"elementor-column elementor-col-100 elementor-top-column elementor-element elementor-element-1bd3b398\" data-id=\"1bd3b398\" data-element_type=\"column\">\n\t\t\t<div class=\"elementor-widget-wrap elementor-element-populated\">\n\t\t\t\t\t\t<div class=\"elementor-element elementor-element-40c28219 elementor-widget elementor-widget-heading\" data-id=\"40c28219\" data-element_type=\"widget\" data-widget_type=\"heading.default\">\n\t\t\t\t<div class=\"elementor-widget-container\">\n\t\t\t\t\t<h2 class=\"elementor-heading-title elementor-size-default\">VINARIA WINEGUIDE 2019\/20<\/h2>\t\t\t\t<\/div>\n\t\t\t\t<\/div>\n\t\t\t\t<div class=\"elementor-element elementor-element-252e0627 elementor-widget elementor-widget-text-editor\" data-id=\"252e0627\" data-element_type=\"widget\" data-widget_type=\"text-editor.default\">\n\t\t\t\t<div class=\"elementor-widget-container\">\n\t\t\t\t\t\t\t\t\t<p>Wolfgang Wachter tasted and rated our wines for Vinaria.<\/p><p><b><u>KAMPTAL<\/u><\/b><\/p><p>**\u00a02018 Weinzapfl Gr\u00fcner Veltliner\u00a0<u><b>PLV<br \/><\/b><\/u>**\u00a02018 Sch\u00f6nberg Gr\u00fcner Veltliner<br \/>***\u00a02018 Ried Bernthal Gr\u00fcner Veltliner\u00a0<u><b>PLV<br \/><\/b><\/u>****\u00a02018 Ried Kalvarienberg Gr\u00fcner Veltliner\u00a0<u><b>TIPP<br \/><\/b><\/u>***\u00a02018 Ried Rosenberg Riesling<\/p><p><b><u>NIEDER\u00d6STERREICH<\/u><\/b><\/p><p>**\u00a02018 Muskateller Zwei G\u00e4rten<br \/>***\u00a02016 Zweigelt Reserve<br \/>***\u00a02017 Auslese Ried Kalvarienberg<strong>\u00a0<\/strong>(GV\/RR)\u00a0<u><strong>TIPP<\/strong><strong>\u00a0<\/strong><\/u><\/p><p><b><u>\u00d6STERREICH\u00a0<\/u><\/b><\/p><p>**\u00a02018 Fifty:Fifty\u00a0(SB\/GM)\u00a0<strong><u>FUN<\/u><\/strong><\/p>\t\t\t\t\t\t\t\t<\/div>\n\t\t\t\t<\/div>\n\t\t\t\t<div class=\"elementor-element elementor-element-41ed57e3 elementor-align-center elementor-widget elementor-widget-button\" data-id=\"41ed57e3\" data-element_type=\"widget\" data-widget_type=\"button.default\">\n\t\t\t\t<div class=\"elementor-widget-container\">\n\t\t\t\t\t\t\t\t\t<div class=\"elementor-button-wrapper\">\n\t\t\t\t\t<a class=\"elementor-button elementor-button-link elementor-size-sm\" href=\"https:\/\/www.gerharddeim.at\/en\/weinblog\/\">\n\t\t\t\t\t\t<span class=\"elementor-button-content-wrapper\">\n\t\t\t\t\t\t\t\t\t<span class=\"elementor-button-text\">&lt;&lt; Weinblog<\/span>\n\t\t\t\t\t<\/span>\n\t\t\t\t\t<\/a>\n\t\t\t\t<\/div>\n\t\t\t\t\t\t\t\t<\/div>\n\t\t\t\t<\/div>\n\t\t\t\t\t<\/div>\n\t\t<\/div>\n\t\t\t\t\t<\/div>\n\t\t<\/section>\n\t\t\t\t<\/div>","protected":false},"excerpt":{"rendered":"<p>VINARIA WEINGUIDE 2019\/20 Wolfgang Wachter hat f\u00fcr Vinaria unsere Weine verkostet und bewertet. KAMPTAL **&nbsp;2018 Weinzapfl Gr\u00fcner Veltliner&nbsp;PLV **&nbsp;2018 Sch\u00f6nberg Gr\u00fcner Veltliner ***&nbsp;2018 Ried Bernthal Gr\u00fcner Veltliner&nbsp;PLV ****&nbsp;2018 Ried Kalvarienberg Gr\u00fcner Veltliner&nbsp;TIPP ***&nbsp;2018 Ried Rosenberg Riesling NIEDER\u00d6STERREICH **&nbsp;2018 Muskateller Zwei G\u00e4rten ***&nbsp;2016 Zweigelt Reserve ***&nbsp;2017 Auslese Ried Kalvarienberg&nbsp;(GV\/RR)&nbsp;TIPP&nbsp; \u00d6STERREICH&nbsp; **&nbsp;2018 Fifty:Fifty&nbsp;(SB\/GM)&nbsp;FUN &lt;&lt; Weinblog<\/p>","protected":false},"author":1,"featured_media":0,"parent":0,"menu_order":0,"comment_status":"closed","ping_status":"closed","template":"","meta":{"ocean_post_layout":"full-screen","ocean_both_sidebars_style":"","ocean_both_sidebars_content_width":0,"ocean_both_sidebars_sidebars_width":0,"ocean_sidebar":"0","ocean_second_sidebar":"0","ocean_disable_margins":"enable","ocean_add_body_class":"","ocean_shortcode_before_top_bar":"","ocean_shortcode_after_top_bar":"","ocean_shortcode_before_header":"","ocean_shortcode_after_header":"","ocean_has_shortcode":"","ocean_shortcode_after_title":"","ocean_shortcode_before_footer_widgets":"","ocean_shortcode_after_footer_widgets":"","ocean_shortcode_before_footer_bottom":"","ocean_shortcode_after_footer_bottom":"","ocean_display_top_bar":"off","ocean_display_header":"on","ocean_header_style":"","ocean_center_header_left_menu":"0","ocean_custom_header_template":"","ocean_custom_logo":0,"ocean_custom_retina_logo":0,"ocean_custom_logo_max_width":0,"ocean_custom_logo_tablet_max_width":0,"ocean_custom_logo_mobile_max_width":0,"ocean_custom_logo_max_height":0,"ocean_custom_logo_tablet_max_height":0,"ocean_custom_logo_mobile_max_height":0,"ocean_header_custom_menu":"0","ocean_menu_typo_font_family":"0","ocean_menu_typo_font_subset":"","ocean_menu_typo_font_size":0,"ocean_menu_typo_font_size_tablet":0,"ocean_menu_typo_font_size_mobile":0,"ocean_menu_typo_font_size_unit":"px","ocean_menu_typo_font_weight":"","ocean_menu_typo_font_weight_tablet":"","ocean_menu_typo_font_weight_mobile":"","ocean_menu_typo_transform":"","ocean_menu_typo_transform_tablet":"","ocean_menu_typo_transform_mobile":"","ocean_menu_typo_line_height":0,"ocean_menu_typo_line_height_tablet":0,"ocean_menu_typo_line_height_mobile":0,"ocean_menu_typo_line_height_unit":"","ocean_menu_typo_spacing":0,"ocean_menu_typo_spacing_tablet":0,"ocean_menu_typo_spacing_mobile":0,"ocean_menu_typo_spacing_unit":"","ocean_menu_link_color":"","ocean_menu_link_color_hover":"","ocean_menu_link_color_active":"","ocean_menu_link_background":"","ocean_menu_link_hover_background":"","ocean_menu_link_active_background":"","ocean_menu_social_links_bg":"","ocean_menu_social_hover_links_bg":"","ocean_menu_social_links_color":"","ocean_menu_social_hover_links_color":"","ocean_disable_title":"on","ocean_disable_heading":"default","ocean_post_title":"","ocean_post_subheading":"","ocean_post_title_style":"","ocean_post_title_background_color":"","ocean_post_title_background":0,"ocean_post_title_bg_image_position":"","ocean_post_title_bg_image_attachment":"","ocean_post_title_bg_image_repeat":"","ocean_post_title_bg_image_size":"","ocean_post_title_height":0,"ocean_post_title_bg_overlay":0.5,"ocean_post_title_bg_overlay_color":"","ocean_disable_breadcrumbs":"default","ocean_breadcrumbs_color":"","ocean_breadcrumbs_separator_color":"","ocean_breadcrumbs_links_color":"","ocean_breadcrumbs_links_hover_color":"","ocean_display_footer_widgets":"on","ocean_display_footer_bottom":"off","ocean_custom_footer_template":"1156","footnotes":""},"class_list":["post-959","page","type-page","status-publish","hentry","entry","owp-thumbs-layout-horizontal","owp-btn-normal","owp-tabs-layout-horizontal","has-no-thumbnails","has-product-nav"],"jetpack_sharing_enabled":true,"_links":{"self":[{"href":"http:\/\/www.gerharddeim.at\/en\/wp-json\/wp\/v2\/pages\/959","targetHints":{"allow":["GET"]}}],"collection":[{"href":"http:\/\/www.gerharddeim.at\/en\/wp-json\/wp\/v2\/pages"}],"about":[{"href":"http:\/\/www.gerharddeim.at\/en\/wp-json\/wp\/v2\/types\/page"}],"author":[{"embeddable":true,"href":"http:\/\/www.gerharddeim.at\/en\/wp-json\/wp\/v2\/users\/1"}],"replies":[{"embeddable":true,"href":"http:\/\/www.gerharddeim.at\/en\/wp-json\/wp\/v2\/comments?post=959"}],"version-history":[{"count":0,"href":"http:\/\/www.gerharddeim.at\/en\/wp-json\/wp\/v2\/pages\/959\/revisions"}],"wp:attachment":[{"href":"http:\/\/www.gerharddeim.at\/en\/wp-json\/wp\/v2\/media?parent=959"}],"curies":[{"name":"wp","href":"https:\/\/api.w.org\/{rel}","templated":true}]}}

<div data-elementor-type="wp-page" data-elementor-id="959" class="elementor elementor-959" data-elementor-post-type="page">
						<section class="elementor-section elementor-top-section elementor-element elementor-element-1b87881f elementor-section-height-full elementor-section-boxed elementor-section-height-default elementor-section-items-middle" data-id="1b87881f" data-element_type="section" data-settings="{&quot;background_background&quot;:&quot;classic&quot;}">
							<div class="elementor-background-overlay"></div>
							<div class="elementor-container elementor-column-gap-default">
					<div class="elementor-column elementor-col-100 elementor-top-column elementor-element elementor-element-1bd3b398" data-id="1bd3b398" data-element_type="column">
			<div class="elementor-widget-wrap elementor-element-populated">
						<div class="elementor-element elementor-element-40c28219 elementor-widget elementor-widget-heading" data-id="40c28219" data-element_type="widget" data-widget_type="heading.default">
				<div class="elementor-widget-container">
					<h2 class="elementor-heading-title elementor-size-default">VINARIA WINEGUIDE 2019/20</h2>				</div>
				</div>
				<div class="elementor-element elementor-element-252e0627 elementor-widget elementor-widget-text-editor" data-id="252e0627" data-element_type="widget" data-widget_type="text-editor.default">
				<div class="elementor-widget-container">
									<p>Wolfgang Wachter tasted and rated our wines for Vinaria.</p><p><b><u>KAMPTAL</u></b></p><p>** 2018 Weinzapfl Grüner Veltliner <u><b>PLV<br /></b></u>** 2018 Schönberg Grüner Veltliner<br />*** 2018 Ried Bernthal Grüner Veltliner <u><b>PLV<br /></b></u>**** 2018 Ried Kalvarienberg Grüner Veltliner <u><b>TIPP<br /></b></u>*** 2018 Ried Rosenberg Riesling</p><p><b><u>NIEDERÖSTERREICH</u></b></p><p>** 2018 Muskateller Zwei Gärten<br />*** 2016 Zweigelt Reserve<br />*** 2017 Auslese Ried Kalvarienberg<strong> </strong>(GV/RR) <u><strong>TIPP</strong><strong> </strong></u></p><p><b><u>ÖSTERREICH </u></b></p><p>** 2018 Fifty:Fifty (SB/GM) <strong><u>FUN</u></strong></p>								</div>
				</div>
				<div class="elementor-element elementor-element-41ed57e3 elementor-align-center elementor-widget elementor-widget-button" data-id="41ed57e3" data-element_type="widget" data-widget_type="button.default">
				<div class="elementor-widget-container">
									<div class="elementor-button-wrapper">
					<a class="elementor-button elementor-button-link elementor-size-sm" href="https://www.gerharddeim.at/en/weinblog/">
						<span class="elementor-button-content-wrapper">
									<span class="elementor-button-text">&lt;&lt; Weinblog</span>
					</span>
					</a>
				</div>
								</div>
				</div>
					</div>
		</div>
					</div>
		</section>
				</div>

<p>VINARIA WEINGUIDE 2019/20 Wolfgang Wachter hat für Vinaria unsere Weine verkostet und bewertet. KAMPTAL **&nbsp;2018 Weinzapfl Grüner Veltliner&nbsp;PLV **&nbsp;2018 Schönberg Grüner Veltliner ***&nbsp;2018 Ried Bernthal Grüner Veltliner&nbsp;PLV ****&nbsp;2018 Ried Kalvarienberg Grüner Veltliner&nbsp;TIPP ***&nbsp;2018 Ried Rosenberg Riesling NIEDERÖSTERREICH **&nbsp;2018 Muskateller Zwei Gärten ***&nbsp;2016 Zweigelt Reserve ***&nbsp;2017 Auslese Ried Kalvarienberg&nbsp;(GV/RR)&nbsp;TIPP&nbsp; ÖSTERREICH&nbsp; **&nbsp;2018 Fifty:Fifty&nbsp;(SB/GM)&nbsp;FUN &lt;&lt; Weinblog</p>
